5*w + 2. Let m(j) = -5*b(j) - 6*s(j). What is the units digit of m(-5)?
2
Let y = 91 + -47. Let f = 80 - y. Suppose -5*z + f = -14. What is the units digit of z?
0
Let z be 2/(-4) + (-21)/(-2). Suppose -6*s = 5*y - s - z, -2*s - 2 = 0. Let f(i) = 2*i - 2. What is the units digit of f(y)?
4
Suppose -3*k = -x - x + 4, -k = 0. Suppose x*r + 0*r - 30 = 0. What is the tens digit of r?
1
Let m(x) = -x - 15. Let d be m(-5). Let t(w) = -w - 1. Let s(h) = -h**3 - 9*h**2 + 14*h + 3. Let o(a) = -s(a) - 4*t(a). What is the units digit of o(d)?
1
Suppose 5*t + 5 = 0, -3*t = g - 0*g + 1. Suppose -g*x - 3 = -3*x. Suppose -c = x*c - 36. What is the units digit of c?
9
Suppose 0*f - f = -2. Suppose 0 = -n - n + f. What is the units digit of n?
1
Let s = -5 + 8. Suppose -b = -5 + 1, s*p + 4*b = 73. What is the units digit of p?
9
Let v be -7*(3 - (3 - 1)). Let g be 7/(v/(-30))*1. Suppose h = -5*t + g, -1 = 3*t - 6*t - 4*h. What is the units digit of t?
7
Suppose -2*t = -3*t + 7. Suppose t = 5*p - 3. Suppose -r + 3 + p = 0. What is the units digit of r?
5
Let w(c) = -c**2 - 2*c - 1. Let y be w(-1). Suppose -42 + y = -2*z. What is the units digit of z?
1
Let f(v) = -v**2 + 21*v. What is the tens digit of f(17)?
6
Let a = -70 + 215. What is the hundreds digit of a?
1
Let f(n) = 4*n**3 - n**2 + 2*n - 1. Suppose 2*l - 8 = -r, -5*l + 0*r + 14 = r. What is the tens digit of f(l)?
3
Suppose 3*x - 114 = -4*u + 2*u, -150 = -4*x - 2*u. Let a = x - 25. What is the tens digit of a?
1
Suppose -5*m = s + 2*s - 15, 5*m - 2*s = 15. Suppose 0 = -d - m, d + 4*d + 17 = r. What is the units digit of r?
2
Let x = 10 + 111. What is the tens digit of x?
2
Let b = 2 + -2. Let z = 2 - b. What is the units digit of z?
2
Let d(r) be the first derivative of 4*r**3/3 - r**2/2 + 2*r + 2. What is the units digit of d(2)?
6
Suppose 2*d + 76 = 5*d + 4*r, 5*d = -2*r + 136. Suppose 2*n + c - d = -0*n, -2*n + 24 = 3*c. Suppose -n = -3*q - 0. What is the units digit of q?
5
Let c(r) be the third derivative of 0*r - 1/8*r**4 + 2*r**2 - 1/3*r**3 + 1/60*r**5 + 0. What is the units digit of c(5)?
8
Let c(s) = s - 1. Let g(h) = h - 1. Let a(b) = -2*c(b) + 3*g(b). What is the units digit of a(2)?
1
Let f(x) = x**2 - 3*x - 4. Let z(g) = g**3 + 8*g**2 - 2*g - 12. Let y be z(-8). Let i be f(y). What is the units digit of 3 + -1 + (2 - i)?
4
Let d(s) = 3*s + 6. Let j be d(8). Let u = j + -11. What is the tens digit of u?
1
Let h(x) be the second derivative of x**5/20 + 11*x**4/12 + 4*x**3/3 - 5*x**2 - 5*x. Let o = 12 + -22. What is the tens digit of h(o)?
1
Let z(t) = 2*t**2 + 2*t - 2. Let h be z(-2). Suppose h*r - 8 = r. Suppose -r - 2 = -v. What is the tens digit of v?
1
Let b be (-28)/(-8) - (-6)/4. Suppose q = 6*q + i - 54, -2*q = -b*i. Let y = q + -3. What is the units digit of y?
7
Let t(c) = 2*c**2 + 9*c + 4. Suppose 7 = -2*a - 5. What is the units digit of t(a)?
2
Suppose 15 + 15 = -5*f. Let m be f/(-4)*138/(-9). Let p = -16 - m. What is the units digit of p?
7
Let m(s) = -s**3 - 5*s**2 - 4*s - 1. Let b be m(-3). Let a(q) = q**2 - 10*q - 1. Let v be a(11). Let g = v + b. What is the units digit of g?
3
Let b = 129 + -69. Suppose b = 5*n + 3*v, -26 = -4*n + 3*v - v. What is the units digit of n?
9
Suppose 126 = -2*y + 322. What is the tens digit of y?
9
Let g(b) be the second derivative of b**4/12 - b**3/6 + 26*b**2 - 9*b. What is the tens digit of g(0)?
5
Suppose 6*u + 25 = u. What is the units digit of u*1/(10/(-6))?
3
Let y = -31 + 60. What is the units digit of y?
9
What is the units digit of 3 + (212 - (3 + 2))?
0
Let k = -93 - -172. What is the tens digit of k?
7
Let i(o) = 3*o**3 + 2*o**2 + o - 2. Let y be i(-2). Let c = y - -35. What is the tens digit of c?
1
Let r = 42 - -24. What is the units digit of r?
6
Let v = -159 - -252. What is the units digit of v?
3
Suppose 0 = 3*s - 3, -32 = 4*c - 8*c - 4*s. Suppose 5*t + 5*f - 15 = 0, -2*f = -4*t - c*f + 8. Let v = t - 2. What is the units digit of v?
5
Suppose 2*p - 5*q - 127 = 0, 5*p + q - 219 = 31. What is the tens digit of p?
5
Let w(s) = 6*s. Let u(r) = 5*r + 1. Let d(v) = 3*u(v) - 2*w(v). Let z be d(-5). Let p = 20 + z. What is the units digit of p?
8
Let t(c) = 20*c + 1. What is the tens digit of t(14)?
8
Let l(t) = t**3 - 9*t**2 + 6*t + 10. Let s be l(8). Let p(f) = f**2 + 6*f - 8. Let m be p(s). Let j = -1 - m. What is the units digit of j?
7
Let g = -67 + 122. Suppose -5*l + 90 = -g. Suppose 4*z - l - 23 = 0. What is the tens digit of z?
1
Let n = 24 - 16. Suppose 0 = -4*r + n, -4*r - 20 = -0*l - 4*l. What is the units digit of l?
7
Let i(y) = -y**3 + 9*y**2 - 9*y + 10. What is the units digit of i(7)?
5
Let y be 0 + 28 + 6/(-2). Suppose -2*t - 4*z = z - y, -t - 5*z = -10. What is the units digit of t?
5
Let p be (-14 - -12)*9/(-2). Let w = -7 - -25. Let g = w - p. What is the units digit of g?
9
What is the units digit of 6/(-4) - (-412)/8?
0
Let j = -5 - -7. Suppose 0 = -s + 3*k, -j*s + 42 = 2*s + 2*k. What is the units digit of s?
9
Let h = 4 + -10. What is the units digit of (h/(-21))/(4/28)?
2
Let p = 8 - 3. Suppose -9*s + p*s + 20 = 0. What is the units digit of s?
5
Let h be (-6)/(-2) - (-1 - -1). Let a(x) = -2 - 4*x**2 - 3*x + x**2 - 2*x**2 + x**h + 3*x**2. What is the tens digit of a(4)?
1
Let v(k) = -k**3 + 2*k**2 + 10*k + 9. What is the units digit of v(-6)?
7
Let f(u) = -u**3 + 9*u**2 - 10*u - 1. Let a be 1 + 7 - (9 - 8). Let n be f(a). Suppose 3*h - 24 = n. What is the tens digit of h?
1
Let i = 0 + -1. Suppose -3*n - 25 = -8*n, -5*f - 10 = -5*n. Let d = f + i. What is the units digit of d?
2
Let j(d) = -20*d**2 + d + 4. Let i(q) = 1. Let n(v) = 3*i(v) - j(v). What is the tens digit of n(-1)?
2
Let v be 3/(-3*3/(-45)). What is the units digit of (-4)/(-6)*(6 + v)?
4
Let k(l) = 10*l**3 + 2*l - 1. What is the units digit of k(1)?
1
Let w(o) = -3*o**3 - o**2 - o. Let f be w(-1). Let y be 3*(-1 + 2) - 1. Suppose -6 = -f*b + y*b. What is the units digit of b?
6
Suppose 5*a - 57 = 2*a + 4*n, 5*n = 4*a - 75. Suppose 4*s - 21 = a. What is the units digit of s?
9
Let q(g) = 2*g**2 + 7*g + 4. Let w be q(-4). Suppose 3*r + r + 26 = 3*p, 4*p + 2*r = -2. Suppose -z + w = p. What is the units digit of z?
6
Suppose -6*s - 271 = -l - 3*s, 3*l = 5*s + 809. What is the tens digit of l?
6
Let p(a) = -3*a**3 - 2. Let r be p(-2). Suppose 3*d + 5*s = -19, 8*d + 5*s + r = 4*d. What is the units digit of -6*d/(5 - -1)?
3
Let n(w) = -4 + 9*w - 4 - 6*w. Let l = -6 - -16. What is the units digit of n(l)?
2
Let n(g) = 4*g - 5. Let j(l) = -l + 1. Let a(o) = 5*j(o) + n(o). Let k be a(-5). Suppose 0*d - d = -k. What is the units digit of d?
5
Suppose 5 = -2*t - 7. Suppose -3*x = s - 29, -3*s + 24 = -5*x + 91. Let m = x + t. What is the units digit of m?
5
Let o be (-4)/14 - 180/7. Let v = o + 40. What is the tens digit of v?
1
Suppose -5*z + 0*z = -160. Suppose -5*p + s = -2*s - 57, 0 = -4*p - s + z. What is the units digit of p?
9
Let u(l) = -l**3 - 4*l**2 + l + 5. What is the tens digit of u(-5)?
2
Let h(k) = k**2 - 5*k**2 + 5*k**2 - 1 + 9*k. Let z be h(-8). What is the units digit of (-16)/z + (-4)/(-18)?
2
Suppose 4*v + 10 - 58 = 0. Suppose -v = -s + 16. What is the tens digit of s?
2
Let q(o) = -9*o + 17. What is the tens digit of q(-4)?
5
What is the units digit of (-1)/(-2) + (-372)/(-8)?
7
Suppose o - 92 = 2*s - 5*s, 10 = 2*o. Let n = -12 + s. Let u = n + -10. What is the units digit of u?
7
Let n(u) = u**3 - 7*u**2 + 7*u - 3. Let x be n(6). Suppose 6 = -0*b + x*b. What is the units digit of b?
2
Let w(b) = 11*b + 16. Let n(f) = 5*f + 8. Let l(m) = 13*n(m) - 6*w(m). Let o = 16 - 11. What is the units digit of l(o)?
3
Suppose 2*d - 2 = d. Suppose -d*u - 2*o + 16 = 0, -5*u + 23 = -3*o - 33. What is the tens digit of u?
1
Let f(d) = -13*d**3 - 5*d**2 - 12*d + 1. Let q(t) = -4*t**3 - 2*t**2 - 4*t. Let m(l) = -2*f(l) + 7*q(l). What is the units digit of m(-2)?
6
Let s(v) = v**3 - 2*v**2 - 5*v + 4. Let i be s(3). Suppose 0*a = -3*a. What is the units digit of 2/(-2) - (i - a)?
1
Let q be 0 - 2 - 8/(-2). Let w be (-1 - -1)*q/4. Let t = w - -5. What is the units digit of t?
5
Let d(c) = -44*c + 12. What is the hundreds digit of d(-3)?
1
Suppose 0 = 3*i - 6*i + 444. What is the tens digit of i?
4
Let r(m) = 4*m**2 - m + 1. Let i be r(1). Suppose -3*p 